e prime factors of l(q).
3, 5
Suppose 0 = -2*t - 5*j + 16455, 0 = -5*t - 89*j + 85*j + 41095. List the prime factors of t.
5, 31, 53
Suppose -20*t - 31500 = -26*t. Suppose -t = -7*b - 707. List the prime factors of b.
11, 59
Suppose 139*v - 306183 + 19786 = 248614. List the prime factors of v.
3, 1283
Let j(h) = -3*h**3 + h**2 - 4*h + 3. Let n be j(1). Let p be (160/(-12))/(n/9). Let q = p - -56. What are the prime factors of q?
2, 3
Let h = 12581 - 4305. List the prime factors of h.
2, 2069
Suppose -18 = -18*p + 18. Suppose -383 = p*r - 1105. What are the prime factors of r?
19
Suppose -204352 + 465491 = 13*k - 242949. What are the prime factors of k?
2, 37, 131
Suppose 0*f + 5*f - 3945 = 5*c, -5*f + c + 3953 = 0. List the prime factors of f.
7, 113
Suppose -2*w + 269513 = 5*h, 5*h + 21953 = 2*w + 291490. What are the prime factors of h?
5, 10781
Let u(v) = -v**2 + 19*v - 67. Let j be u(13). Suppose 0 = -j*m - 1749 + 14146. List the prime factors of m.
7, 23
Suppose -978 - 1065 = -z - 5*o, z + 3*o - 2049 = 0. Suppose -z = -15*b + 8*b. What are the prime factors of b?
2, 3, 7
Suppose -y - 46 = 69. Let h = y + 293. Let n = -123 + h. What are the prime factors of n?
5, 11
Let f(z) = 67*z**2 - 7*z + 34. Let h = 278 + -275. List the prime factors of f(h).
2, 7, 11
Suppose 336 = 281*w - 297*w. Suppose 2*d - 2 - 2 = 0. List the prime factors of (532/(-57))/(d/w).
2, 7
List the prime factors of -18 - -32 - (-4175 + -6).
5, 839
Suppose 208780 = 109*p - 223657 - 397816. List the prime factors of p.
3, 2539
Suppose -3*y = 3*j - 27462, -5*j + 45778 = -18*y + 15*y. List the prime factors of j.
5, 1831
Suppose -z - 268 + 942 = c, 5*z - 2*c = 3398. Let r = z + -129. What are the prime factors of r?
3, 61
Suppose 0 = -2*f + 5*z + 16561, 0 = -2*f + z - 6*z + 16571. List the prime factors of f.
3, 11, 251
Let g = -48994 + 70821. List the prime factors of g.
13, 23, 73
Let y(j) = -286*j + 29. Let i be y(-1). Let r = i - 191. What are the prime factors of r?
2, 31
Let f = -287 + 287. Suppose h - 1157 + 50 = f. What are the prime factors of h?
3, 41
Let g = 2353 + -1351. Let o(j) = -j**3 - 6*j**2 - 3*j - 15. Let d be o(-6). Suppose -d*r + g = 3*r. What are the prime factors of r?
167
Let r(l) = l**2 - 12*l + 1. Let q be r(11). Let k be -50*q/(-25)*-11. Suppose 6 - 1 = -i, 4*i + k = 4*h. List the prime factors of h.
2, 5
Let w(v) = v**3 - 3*v**2 + 18*v + 25. Let t be 21/(-105) + 46/5. List the prime factors of w(t).
673
Suppose -5*j + 2*o = -o + 39, -o = 5*j + 47. List the prime factors of ((-5202)/(-136))/(j/(-8) - 1).
2, 3, 17
Let a = 408 - 403. Suppose -12 = -8*p + a*p, 4*w + p - 2680 = 0. What are the prime factors of w?
3, 223
Let w = 28803 - 8077. What are the prime factors of w?
2, 43, 241
Suppose -3*b - 3*a = -489, -b + 2*a = -5*b + 660. Let g = -68 + b. List the prime factors of g.
3, 11
Suppose 41 = -c + 95. Suppose -2*z - c + 874 = 0. What are the prime factors of z?
2, 5, 41
Let t be (-6)/15 - (4 + (-111)/15). Let g(s) = -5*s + 5. Let p be g(-6). Suppose -2*k + 5*r + p = -88, t*k = 4*r + 195. List the prime factors of k.
3, 23
Suppose 12*n - 394 - 278 = 0. Suppose 0 = -3*o + n + 94. Suppose 0 = -4*x + o + 74. What are the prime factors of x?
31
List the prime factors of 215460/(3 + 12) - 4.
2, 5, 359
Let w be 0*((-9)/2)/(-9). Suppose 3*q + 4*q - 1176 = w. Suppose -q = -r - r. What are the prime factors of r?
2, 3, 7
Suppose 3*p - 260079 = -5*d, -5*d - 6*p = -23*p - 260219. List the prime factors of d.
2, 3, 5, 17
Suppose -90 = -13*c + 8*c. Suppose 3*s = -3*z + 36, 4*z - 4*s - c = 2*z. Suppose -z*o - 262 + 1329 = 0. List the prime factors of o.
97
List the prime factors of (-16)/(-2) - 1 - (-5179815)/765.
2, 3389
Suppose -4*q + 5*r + 41683 = 0, 8043 + 2386 = q - 4*r. What are the prime factors of q?
11, 947
Let k(c) = -c**3 - 13*c**2 - 21*c - 93. Let f be k(-12). Suppose -f = 7*v - 3305. List the prime factors of v.
2, 5, 47
Suppose -62*x - 21 = -65*x, -3*o = -5*x - 128935. List the prime factors of o.
2, 3, 5, 1433
Suppose -16*z + 50385 - 17305 = -32264. What are the prime factors of z?
2, 1021
Suppose -18 + 8 = -5*q. Let o(z) = q + 1 + 3 + 4*z + 2. List the prime factors of o(6).
2
Let b be (-10)/(-4)*14/(-15 + 22). Suppose 4*t - b*u - 7223 = 0, 11*u = 2*t + 10*u - 3607. List the prime factors of t.
2, 17, 53
Let o(d) = -8*d - 6. Let f(q) = -8*q - 7. Let t(b) = 7*f(b) - 6*o(b). Let y(k) = k**3 - 2*k**2 - 7*k + 9. Let c be y(3). List the prime factors of t(c).
11
Let l(a) = -79*a + 120. Let c be l(5). Let m = 213 - c. What are the prime factors of m?
2, 61
List the prime factors of (((-14205780)/(-189))/(-37))/((-2)/14).
2, 3, 5, 79
Let x(s) = 216*s - 32. Let z = -579 - -583. List the prime factors of x(z).
2, 13
What are the prime factors of 21*(-4)/12 - -1*12545?
2, 6269
Let o(l) = 3*l**3 - 7*l**2 - 2*l - 9. Let y(z) = 2*z - 20. Let h be y(-17). Let w = 59 + h. List the prime factors of o(w).
181
Let a = 615 - 615. Suppose -l + 2*l = -5, 3*c + l - 3859 = a. What are the prime factors of c?
2, 7, 23
List the prime factors of (-19)/(-2)*37324/43.
2, 7, 19, 31
Let v(a) = -a**2 - 16*a - 26. Suppose 14*c = 9*c - 70. Let b be v(c). What are the prime factors of 1/(b/124) - (-8)/4?
2
Let v be 4/(-18) + (-980)/126. Let q be (57/2)/(((-6)/v)/1). Suppose -40*g + 120 = -q*g. List the prime factors of g.
2, 3, 5
Let n = 2569 - 1616. List the prime factors of n.
953
Let w(o) = 99*o - 1577. Let j be w(16). Let b(l) = l**2 - 22*l - 16. Let q(u) = -u + 1. Let n(p) = -b(p) + 2*q(p). List the prime factors of n(j).
109
Let t(d) = 3*d**2 - d - 11. Suppose 0 = -3*f - 150 - 9. Let h = f - -48. What are the prime factors of t(h)?
3, 23
List the prime factors of 169410/60 - (-1)/2.
2, 353
Let h(z) = -z**2 + 7*z - 1. Suppose -53*d - 20 = -57*d. Let l be h(d). Let k = l + 46. List the prime factors of k.
5, 11
What are the prime factors of 8 + 5 + -18 - (-2 + -2225)?
2, 11, 101
Suppose 2*t - 5 = 5*j, 0 = 3*t - 2*j + 4*j + 2. Suppose t*a - 1469 = -13*a. Suppose 157 = 6*u - a. What are the prime factors of u?
3, 5
Suppose 2*p + 7*d - 80385 = 10*d, 5*p + 4*d = 200882. List the prime factors of p.
2, 3, 37, 181
Let y = 52 - 215. Let r = -49 - y. Let x = 195 - r. What are the prime factors of x?
3
Let p = -419 - -1101. Suppose -681*t + p*t = 569. List the prime factors of t.
569
Let z = -84 + 89. Suppose -6*u - z*u = -1925. Suppose -5*d = b - u, 0 = -d - d + 4*b + 92. What are the prime factors of d?
2, 3
Suppose 18888 = 2*c - 3258. What are the prime factors of c?
3, 3691
Let k(z) = z**3 + 48*z**2 - 18*z - 45. Let i be k(-44). Suppose i = 7*m - 462. What are the prime factors of m?
1279
Suppose 53*f - 49*f = 2124. Let m = f - 335. What are the prime factors of m?
2, 7
Suppose -4*f = 2*k - 18826, f + 4*k - 1156 = 3540. List the prime factors of f/8 + 4/8.
19, 31
List the prime factors of 25*(-4)/20 + 5703.
2, 7, 11, 37
Let n(x) = x**2 + 59*x + 861. List the prime factors of n(-12).
3, 11
Suppose 5*q - 3*v - 237 = 0, 4*v - 8 = -4. Suppose -2*p + q = 4*p. What are the prime factors of (-3 + 20/p)*-350?
5, 7
Let q = 13 - 14. Suppose 0 = -3*y + 2*i + 181 + 230, 0 = -y + 3*i + 130. List the prime factors of y + q*3/(-6)*0.
139
Let n be 2/((-40)/(-115))*8. Let s = n - 44. What are the prime factors of 2 + (2 - s) + 889/7?
3, 43
Suppose -3*l - 2*z + 16424 = 0, z + 10947 = -6*l + 8*l. What are the prime factors of l?
2, 7, 17, 23
Let h(y) = -125*y**3 + 2*y**2 + 5*y + 2. Let z be h(-1). Suppose -4*l + 5*q = -1241, l - 3*q - 195 = z. List the prime factors of l.
2, 19
Let i = 26781 - -14329. What are the prime factors of i?
2, 5, 4111
Suppose -8*j + 7*j - 4*j = -42600. List the prime factors of j.
2, 3, 5, 71
Suppose -q = -2*p + 163, -3*q = p - 4*q - 83. What are the prime factors of (4/(p/(-876)))/((-4)/40)?
2, 3, 73
Let f = 32503 + -23178. List the prime factors of f.
5, 373
Let v(y) = 474*y + 1237. What are the prime factors of v(-2)?
17
Let w(a) = 9*a**2 + 4*a + 1. Let y(s) = -5*s - 3 - 7*s - 5*s**2 - 21*s**2. Let o(x) = -8*w(x) - 3*y(x). What are the prime factors of o(-4)?
3
Suppose -q - 55 = -12*q. Let o be 206*((q + -3)/2 + 0). Suppose -o + 1430 = 6*z. List the prime factors of z.
2, 3, 17
Suppose 5*v + o + 13 - 88 = 0, -v - 3*o = -15. Suppose v*k - 55 - 5 = 0. List the prime 